) = k**2 - 10*k - 16. Let m be (-4)/(-14) - ((-267)/21 + -1). Let l be y(m). Calculate the highest common factor of 16 and l.
8
Let w(r) = 5*r**2 - 25*r + 7. Let x be w(5). What is the greatest common divisor of x and 259?
7
Let k be (-3 + 4 - 1)/2. Suppose -2*u + 3*u = 5*j - 90, 5*j + 2*u - 90 = k. Calculate the highest common factor of j and 72.
18
Let u = 1046 + -1028. What is the greatest common divisor of 297 and u?
9
Let w = -2827 - -2831. What is the greatest common factor of w and 568?
4
Let t be 2/4*(20 - 8). Suppose 9*l = t*l + 210. What is the highest common factor of l and 105?
35
Suppose -8*h + 4 = -60. Let b be (h + (-5)/(-5))*2. Calculate the highest common divisor of 72 and b.
18
Let f(w) = 2*w - 11. Let g be f(8). Let a be (16/(-2))/(4/6). Let y = 17 + a. Calculate the highest common divisor of y and g.
5
Let g = 38 + -44. Let v be (-385)/g + 12/(-72). Calculate the greatest common divisor of 16 and v.
16
Let u(m) = m**3 - 19*m**2 - m + 24. Let t be u(19). Calculate the greatest common factor of t and 125.
5
Let y(u) = 6*u**2 - 4*u - 154. Let m be y(-10). What is the greatest common factor of m and 108?
54
Let t = -1565 - -1571. Suppose -4*o - 6 = -2*l, 5*l + 13 + 5 = -o. Let i be l/((-2)/4 + 0). Calculate the greatest common divisor of i and t.
6
Let t be 6 + (-2 + 4 - 5). Suppose 4*y = -5*n + 6, y = -y - t*n + 2. Suppose -y*m + 90 + 54 = 0. What is the highest common divisor of 90 and m?
18
Suppose d + 3*v - 322 = 0, 0 = -3*d - 2*v - 76 + 1014. Calculate the greatest common divisor of d and 10.
10
Let s(t) = -t - 7. Let f = 20 + -20. Let c be s(f). Let p be (60/c)/((-2)/21). Calculate the highest common divisor of 9 and p.
9
Let b(l) = -l**2 + 2*l + 12. Let d be b(0). Suppose 0*a - a = -132. Calculate the highest common factor of d and a.
12
Let x = -8 + -20. Let v be x*(21/12 + -2). Suppose -v*t = -t - 126. Calculate the highest common factor of 14 and t.
7
Let t(x) = x**3 - 8*x**2 + 8*x - 4. Let p be t(7). Suppose 3*g = 30 - p. Let b = 12 - g. Calculate the highest common factor of b and 21.
3
Suppose 0 = -9*o - 265 + 994. What is the highest common divisor of 351 and o?
27
Suppose -3*m = 0, -m - m = 2*t - 18. Let l = 13 - t. Suppose 53 + 91 = l*o. Calculate the highest common factor of 12 and o.
12
Let f = 195 + -169. What is the highest common divisor of 4 and f?
2
Let k = 58 - -124. What is the highest common divisor of k and 28?
14
Let i = 208 - -140. Calculate the greatest common factor of i and 12.
12
Let j = -4 + 6. Let t be 1*j*-4*-17. Suppose 4*a - 2*i - 58 = 0, 3*i = a + 56 - 58. What is the greatest common factor of a and t?
17
Let o be (-21)/(-3)*(-66)/(-21). Suppose -o = -5*g + 28. Calculate the greatest common factor of g and 10.
10
Suppose -249 - 543 = -6*m. What is the greatest common divisor of 462 and m?
66
Suppose 3*m = -5*j + 2928 + 882, 0 = 2*j - 6. What is the highest common divisor of m and 220?
55
Let c = -69 + 75. Let i be (-8 - -14)/(c/27). Calculate the greatest common factor of i and 3.
3
Let i = 170 - 164. Let y = 16 - 12. Suppose 3*u - 6 = -4*f, -2*u + y = -f - 3*f. What is the highest common factor of u and i?
2
Let u(g) = 4*g + 8. Let f be u(0). Suppose -5*x + 5*m = -25, -9 = -x + 5*m + 8. Suppose 0 = 4*z - x*z - 48. Calculate the highest common divisor of f and z.
8
Let l(y) be the third derivative of -5*y**4/12 - 7*y**3/3 + 11*y**2. Let d be l(-5). Calculate the highest common divisor of d and 48.
12
Let w be (-3 - 35/7) + 29. What is the greatest common divisor of w and 28?
7
Let x be ((-78)/1)/(28/(-28)). What is the greatest common factor of x and 1482?
78
Suppose 24*c - 19*c - 115 = 0. Let x = 34 + c. Let h = -31 + 50. What is the greatest common factor of h and x?
19
Suppose a + 2 = 0, -8*a = -3*q - 11*a + 549. Calculate the highest common divisor of q and 814.
37
Let d be (-4)/8*(-2602 + 8) + -5. Calculate the greatest common divisor of 76 and d.
76
Let x(l) be the third derivative of l**4/6 - 31*l**3/6 - 9*l**2 + 2*l. Let w be x(9). What is the highest common factor of w and 45?
5
Let p(g) = 183*g**2 - 19*g - 3. Let x(a) = 91*a**2 - 10*a - 1. Let d(o) = 4*p(o) - 7*x(o). Let i be d(-1). What is the highest common factor of i and 24?
24
Let b be ((-326)/(-22) - (-16)/88) + -3. Let y = -2 + -1. Let c be (-40)/y*18/8. Calculate the highest common factor of c and b.
6
Let d = -979 - -1903. What is the greatest common factor of d and 168?
84
Suppose -11*o + 45 + 252 = 0. What is the greatest common divisor of o and 432?
27
Suppose 2*b - 4*p - 10 = 0, p = -4*b - 2*p + 53. What is the highest common divisor of 1727 and b?
11
Suppose 4*b + 772 = 5*a, -8*a + 9*a - 150 = 3*b. What is the highest common factor of a and 884?
52
Suppose -3*p - 1 = 5*q, 0 - 1 = -5*q - 2*p. Suppose 0 = 8*y - 110 + 94. Calculate the greatest common divisor of q and y.
1
Suppose 1556 = 3*g + l, -3*g - 4*l = -2451 + 889. Calculate the greatest common factor of 14 and g.
14
Suppose -3*g + 120 = 3*t, -3*g = g + t - 148. Suppose 34*n - 28*n - 498 = 0. Suppose -4*q - n = -443. Calculate the greatest common divisor of q and g.
18
Let r be 2*4*(-18)/(-4). Let y = r - 24. Calculate the highest common divisor of 84 and y.
12
Suppose 0*w - 4*w = -i - 106, 0 = -i + 3*w - 106. Let j = 315 + i. What is the greatest common divisor of 11 and j?
11
Let i be (-217 + 12/4)/(5 + -7). Calculate the greatest common factor of 1819 and i.
107
Suppose -205 - 1045 = -5*t. Suppose -t = -2*i + 388. Calculate the greatest common factor of i and 29.
29
Let x be 7 + (-3 + 1 - 2). Suppose 0 - 30 = -5*f - x*w, -4*w = -20. What is the greatest common divisor of f and 24?
3
Let t = -39 - 18. Let p = -22 - t. Calculate the greatest common factor of 7 and p.
7
Suppose -3*b + 51 = 5*w, b + 5*w - 7*w - 6 = 0. Let f(s) = -s**2 + 14*s - 5. Let d be f(b). Calculate the highest common factor of d and 133.
19
Let s(f) = 75*f - 498. Let g be s(7). Calculate the highest common factor of 297 and g.
27
Let j(u) = u - 2. Let k be j(5). Suppose 0 = -4*m + 4*f + 17 + k, m = 2*f + 5. Calculate the greatest common divisor of 25 and m.
5
Let m(c) = 9*c + 73. Let d be m(-7). What is the greatest common divisor of 14 and d?
2
Suppose 5*x - 8 + 0 = 4*w, 4*w = -8. Suppose -g = -4*b - 16, 4*g - 3*b + b - 106 = x. What is the greatest common factor of 56 and g?
28
Let u(k) = 30*k**2 - k + 2. Let j be u(2). Let n(b) = b + 72. Let f be n(-32). Calculate the highest common factor of f and j.
40
Let p(t) = 3*t - t + 0*t + 31 - 3*t. Let w be p(-5). What is the greatest common divisor of w and 108?
36
Let n = 7 + -5. Suppose 2 = i - 2. Suppose -i*c + 22 = -n. Calculate the greatest common divisor of 24 and c.
6
Suppose -1352 = -18*n + 268. What is the greatest common factor of n and 18?
18
Let z(m) = m**3 + 27*m**2 - 58*m + 9. Let g be z(-29). Calculate the highest common divisor of 270 and g.
9
Let i(j) = -j**2 - 11*j - 7. Let a = 14 + -24. Let b be i(a). Suppose b*z - 8*z = -55. Calculate the highest common divisor of 77 and z.
11
Let j(b) = -3 + 11 - 2*b**2 - 2*b**3 + b + 4*b + 1. Let n be j(-4). Calculate the highest common divisor of 17 and n.
17
Suppose -2*n = n - 2*r - 13, -n - 2*r - 1 = 0. Suppose 0 = -2*g + 2, n*g = y + 5 + 3. Let m = y + 11. What is the greatest common divisor of m and 48?
6
Let v = -192 - -234. What is the highest common divisor of v and 462?
42
Let x = 292 + -204. Calculate the greatest common factor of x and 220.
44
Let l = -331 - -362. Calculate the highest common factor of l and 124.
31
Suppose 2*q - 2*p + 18 = 0, p = 4*q - 0*p + 24. Let k be -1 - 32/(-8)*q/(-4). Calculate the greatest common divisor of 12 and k.
4
Suppose -16*v + 17*v + 878 = 5*a, 169 = a + 2*v. What is the greatest common factor of 280 and a?
35
Let k(z) = z**2 + z + 11. Let x be k(-11). Suppose 3*j + 76 = -2*d, 2*d + 5 - 13 = 0. Let c = j - -39. What is the greatest common factor of c and x?
11
Let x be (0 + -4)/((-30)/285). Calculate the greatest common factor of 57 and x.
19
Let d(b) = b - 9. Let p be d(13). Suppose -p*x + 757 = -m, 4*m = 5*x - x - 748. Suppose -5*k - x = -10*k. What is the greatest common factor of 57 and k?
19
Let d be (10/(-4))/(14/(-168)). What is the highest common divisor of 126 and d?
6
Let y = -79 + 102. Let s = 91 - -1. Calculate the highest commo